{"id":1455,"date":"2022-11-19T18:29:33","date_gmt":"2022-11-19T17:29:33","guid":{"rendered":"https:\/\/feuerlino.de\/shop\/?post_type=product&#038;p=1455"},"modified":"2023-02-07T15:22:58","modified_gmt":"2023-02-07T14:22:58","slug":"polizei-mercedes-benz-sprinter-siku","status":"publish","type":"product","link":"https:\/\/feuerlino.de\/shop\/produkt\/polizei-mercedes-benz-sprinter-siku\/","title":{"rendered":"Polizeiauto Mercedes-Benz Sprinter, Polizei-Spielzeug 1:50, Abnehmbares Dach, Diverse T\u00fcren zum \u00d6ffnen"},"content":{"rendered":"<p>Detailliertes Spielzeugmodell eines Polizei-Sprinters in klassischem Farbdesign mit gelben Signalstreifen zum Spielen und Sammeln, F\u00fcr kleine und gro\u00dfe Polizei-Fans<\/p>\n<p>Robustes und stabiles Design dank Metallkarosserie, Aufw\u00e4ndige Bedruckung, Sehr gute Rolleigenschaften durch Bereifung aus Gummi, Drehbare und einklappbare Satellitensch\u00fcssel, Abnehmbares Dach, T\u00fcren zum \u00d6ffnen, 4 Blaulichter<\/p>\n<p>Ideal als Geschenk f\u00fcr Kinder zu bspw. Geburtstagen oder f\u00fcr zwischendurch geeignet, aber auch als Dekoration f\u00fcr Erwachsenen-Geburtstage oder Hochzeitsgeschenke<\/p>\n<p>Perfekt zum platzsparenden Mitnehmen, Langanhaltender Spielspa\u00df durch unz\u00e4hlige Kombinationsm\u00f6glichkeiten innerhalb der siku-Spielwelt<\/p>\n<p>Lieferumfang: 1x siku 2301 Mercedes-Benz Sprinter Polizei, Material: Metall\/Kunststoff, Ma\u00dfstab: 1:50, Gewicht: 0,18 kg, Farbe: Blau\/Wei\u00df, Serie: SIKU SUPER<\/p>\n","protected":false},"excerpt":{"rendered":"<p>Polizei, 1:50, Metall\/Kunststoff, Blau\/Wei\u00df, Drehbare Satellitensch\u00fcssel, Abnehmbares Dach, Diverse T\u00fcren zum \u00d6ffnen <\/p>\n","protected":false},"featured_media":1456,"template":"","meta":{"_links_to":"","_links_to_target":""},"product_brand":[],"product_cat":[145,114],"product_tag":[],"class_list":{"0":"post-1455","1":"product","2":"type-product","3":"status-publish","4":"has-post-thumbnail","6":"product_cat-siku","7":"product_cat-spielwaren","8":"product_shipping_class-versandkostenpauschale","10":"first","11":"outofstock","12":"shipping-taxable","13":"purchasable","14":"product-type-simple"},"_links":{"self":[{"href":"https:\/\/feuerlino.de\/shop\/wp-json\/wp\/v2\/product\/1455","targetHints":{"allow":["GET"]}}],"collection":[{"href":"https:\/\/feuerlino.de\/shop\/wp-json\/wp\/v2\/product"}],"about":[{"href":"https:\/\/feuerlino.de\/shop\/wp-json\/wp\/v2\/types\/product"}],"wp:featuredmedia":[{"embeddable":true,"href":"https:\/\/feuerlino.de\/shop\/wp-json\/wp\/v2\/media\/1456"}],"wp:attachment":[{"href":"https:\/\/feuerlino.de\/shop\/wp-json\/wp\/v2\/media?parent=1455"}],"wp:term":[{"taxonomy":"product_brand","embeddable":true,"href":"https:\/\/feuerlino.de\/shop\/wp-json\/wp\/v2\/product_brand?post=1455"},{"taxonomy":"product_cat","embeddable":true,"href":"https:\/\/feuerlino.de\/shop\/wp-json\/wp\/v2\/product_cat?post=1455"},{"taxonomy":"product_tag","embeddable":true,"href":"https:\/\/feuerlino.de\/shop\/wp-json\/wp\/v2\/product_tag?post=1455"}],"curies":[{"name":"wp","href":"https:\/\/api.w.org\/{rel}","templated":true}]}}