{"id":89,"date":"2013-08-11T19:06:15","date_gmt":"2013-08-11T19:06:15","guid":{"rendered":"http:\/\/localhost:8888\/test\/?page_id=520"},"modified":"2023-01-15T16:04:17","modified_gmt":"2023-01-15T15:04:17","slug":"feuerlino","status":"publish","type":"page","link":"https:\/\/feuerlino.de\/shop\/feuerlino\/","title":{"rendered":"Feuerlino"},"content":{"rendered":"\n  <div class=\"banner has-hover\" id=\"banner-185481545\">\n          <div class=\"banner-inner fill\">\n        <div class=\"banner-bg fill\" >\n            <img loading=\"lazy\" decoding=\"async\" width=\"1900\" height=\"400\" src=\"https:\/\/feuerlino.de\/shop\/wp-content\/uploads\/2023\/01\/header-feuerlino-info.jpg\" class=\"bg attachment-original size-original\" alt=\"\" \/>                                    \n                    <\/div>\n\t\t\n        <div class=\"banner-layers container\">\n            <div class=\"fill banner-link\"><\/div>            \n   <div id=\"text-box-1571129934\" class=\"text-box banner-layer x50 md-x50 lg-x50 y80 md-y80 lg-y80 res-text\">\n                                <div class=\"text-box-content text dark\">\n              \n              <div class=\"text-inner text-center\">\n                  \n\t<div id=\"text-3117214135\" class=\"text\">\n\t\t\n<h1 class=\"lead\">Feuerlino und seine Kindernotrufkarte<\/h1>\n<p class=\"lead\">Kinder sollten wissen, wie sie im Notfall helfen k\u00f6nnen.<br \/>\nSOS f\u00fcr Kids leicht erkl\u00e4rt!<\/p>\n\t\t\n<style>\n#text-3117214135 {\n  color: rgb(41, 41, 41);\n}\n#text-3117214135 > * {\n  color: rgb(41, 41, 41);\n}\n<\/style>\n\t<\/div>\n\t\n              <\/div>\n           <\/div>\n                            \n<style>\n#text-box-1571129934 {\n  width: 80%;\n}\n#text-box-1571129934 .text-box-content {\n  font-size: 100%;\n}\n<\/style>\n    <\/div>\n \n        <\/div>\n      <\/div>\n\n            \n<style>\n#banner-185481545 {\n  padding-top: 400px;\n}\n#banner-185481545 .banner-bg img {\n  object-position: 60% 58%;\n}\n<\/style>\n  <\/div>\n\n\n\n\t<section class=\"section\" id=\"section_995618176\">\n\t\t<div class=\"section-bg fill\" >\n\t\t\t\t\t\t\t\t\t\n\t\t\t\n\n\t\t<\/div>\n\n\t\t\n\n\t\t<div class=\"section-content relative\">\n\t\t\t\n<div class=\"row\"  id=\"row-2038754722\">\n<\/div>\n\t\t<\/div>\n\n\t\t\n<style>\n#section_995618176 {\n  padding-top: 30px;\n  padding-bottom: 30px;\n  background-color: rgb(255, 244, 242);\n}\n<\/style>\n\t<\/section>\n\t\n<div class=\"row\"  id=\"row-528528205\">\n\n\t<div id=\"col-1158739209\" class=\"col small-12 large-12\"  >\n\t\t\t\t<div class=\"col-inner\"  >\n\t\t\t\n\t\t\t\n\t<div id=\"text-492459911\" class=\"text\">\n\t\t\n<h3>Brandschutzerziehung mit Feuerlino f\u00fcr Kinder im Kindergarten- und Grundschulalter<\/h3>\n<p>Feuerlino, der kleine B\u00e4r ist die Hauptfigur der Kindernotrufkarte von Sarah Rattmann. Ein Notfall kann \u00fcberall und jederzeit passieren. Umso wichtiger, dass auch Kinder wissen, wie sie im Ernstfall helfen k\u00f6nnen. Feuerlino kl\u00e4rt mit seiner Kindernotrufkarte auf! Der kleine B\u00e4r vermittelt auf spielerische Art und Weise, wie sich Kinder im Notfall zu verhalten haben. \u00dcbungsbeispiele sowie Mal- und Bastelvorlagen vermitteln die drei Schl\u00fcsselma\u00dfnahmen \u201eLernen, Helfen und Vorbeugen\u201c. Somit lernen Kinder schon im Kindergarten- und Grundschulalter nicht nur, wie sie den Notruf bet\u00e4tigen, sondern auch, wie sie brenzliche Situationen umgehen k\u00f6nnen. Durch sein Feuerwehr Fachkundiges Wissen unterst\u00fctzt Feuerlino die brandschutzp\u00e4dagogische Vermittlungsarbeit mit Arbeitsmitteln zur Brandschutzerziehung und -aufkl\u00e4rung und erg\u00e4nzt damit den Erziehungsauftrag von Eltern, Kinderg\u00e4rten und Grundschulen. Die Kindernotrufkarte verbindet eine kindgerechte Anleitung zum Absetzen eines Notrufs mit einer Liste der wichtigen Telefonnummern (Familienmitglieder, Rettungsdienst und Feuerwehr). <\/p>\n\t\t\n<style>\n#text-492459911 {\n  font-size: 0.9rem;\n  text-align: left;\n}\n<\/style>\n\t<\/div>\n\t\n\t\t<\/div>\n\t\t\t\t\t<\/div>\n\n\t\n\n\t<div id=\"col-1344637666\" class=\"col medium-6 small-12 large-6\"  >\n\t\t\t\t<div class=\"col-inner\"  >\n\t\t\t\n\t\t\t\n\t<div id=\"text-326726992\" class=\"text\">\n\t\t\n<h3>Kinternotrufkarte F\u00f6rderpreise Helfende Hand 2021 ausgezeichnet<\/h3>\n<p>Das Projekt \u201eFeuerlino und seine Kindernotrufkarte\u201c gewann im Dezember 2021 den F\u00f6rderpreis Helfende Hand des Bundesinnenministeriums und belegte Platz 4 in der Kategorie Nachwuchsarbeit und erreichte weiterhin Platz 2 im Publikumsvoting. <a href=\"https:\/\/feuerlino.de\/info\/\" target=\"_blank\" rel=\"noopener\">Mehr Infos hier klicken  \u2192<\/a><\/p>\n<p>Zum abspielen des Projektfilms bitte <a href=\"https:\/\/www.youtube.com\/watch?v=Vt7ubGubdIo&#038;feature=youtu.be\" target=\"_blank\" rel=\"noopener\">HIER<\/a> klicken, eine Weiterleitung zu Youtube folgt. Viel Spa\u00df beim ansehen!<\/p>\n\t\t\n<style>\n#text-326726992 {\n  font-size: 0.9rem;\n  text-align: left;\n}\n<\/style>\n\t<\/div>\n\t\n\t\t<\/div>\n\t\t\t\t\t<\/div>\n\n\t\n\n\t<div id=\"col-942291593\" class=\"col medium-6 small-12 large-6\"  >\n\t\t\t\t<div class=\"col-inner\"  >\n\t\t\t\n\t\t\t\n\t<div class=\"img has-hover x md-x lg-x y md-y lg-y\" id=\"image_282974802\">\n\t\t\t\t\t\t\t\t<div class=\"img-inner dark\" >\n\t\t\t<img loading=\"lazy\" decoding=\"async\" width=\"1020\" height=\"572\" src=\"https:\/\/feuerlino.de\/shop\/wp-content\/uploads\/2023\/01\/Cover-Projektfilm-Foerderpreis-Helfende-Hand-2021.jpg\" class=\"attachment-large size-large\" alt=\"\" srcset=\"https:\/\/feuerlino.de\/shop\/wp-content\/uploads\/2023\/01\/Cover-Projektfilm-Foerderpreis-Helfende-Hand-2021.jpg 1214w, https:\/\/feuerlino.de\/shop\/wp-content\/uploads\/2023\/01\/Cover-Projektfilm-Foerderpreis-Helfende-Hand-2021-713x400.jpg 713w, https:\/\/feuerlino.de\/shop\/wp-content\/uploads\/2023\/01\/Cover-Projektfilm-Foerderpreis-Helfende-Hand-2021-768x431.jpg 768w, https:\/\/feuerlino.de\/shop\/wp-content\/uploads\/2023\/01\/Cover-Projektfilm-Foerderpreis-Helfende-Hand-2021-600x337.jpg 600w\" sizes=\"auto, (max-width: 1020px) 100vw, 1020px\" \/>\t\t\t\t\t\t\n\t\t\t\t\t<\/div>\n\t\t\t\t\t\t\t\t\n<style>\n#image_282974802 {\n  width: 100%;\n}\n<\/style>\n\t<\/div>\n\t\n\t\t<\/div>\n\t\t\t\t\t<\/div>\n\n\t\n<\/div>\n<div class=\"row\"  id=\"row-3986216\">\n\n\t<div id=\"col-1915556062\" class=\"col medium-6 small-12 large-6\"  >\n\t\t\t\t<div class=\"col-inner\"  >\n\t\t\t\n\t\t\t\n\t<div class=\"img has-hover x md-x lg-x y md-y lg-y\" id=\"image_401599265\">\n\t\t\t\t\t\t\t\t<div class=\"img-inner dark\" >\n\t\t\t<img loading=\"lazy\" decoding=\"async\" width=\"800\" height=\"494\" src=\"https:\/\/feuerlino.de\/shop\/wp-content\/uploads\/2021\/10\/beginnen-bevor-es-beginnt-feuerlino-mission.jpg\" class=\"attachment-large size-large\" alt=\"\" srcset=\"https:\/\/feuerlino.de\/shop\/wp-content\/uploads\/2021\/10\/beginnen-bevor-es-beginnt-feuerlino-mission.jpg 800w, https:\/\/feuerlino.de\/shop\/wp-content\/uploads\/2021\/10\/beginnen-bevor-es-beginnt-feuerlino-mission-648x400.jpg 648w, https:\/\/feuerlino.de\/shop\/wp-content\/uploads\/2021\/10\/beginnen-bevor-es-beginnt-feuerlino-mission-768x474.jpg 768w, https:\/\/feuerlino.de\/shop\/wp-content\/uploads\/2021\/10\/beginnen-bevor-es-beginnt-feuerlino-mission-600x371.jpg 600w\" sizes=\"auto, (max-width: 800px) 100vw, 800px\" \/>\t\t\t\t\t\t\n\t\t\t\t\t<\/div>\n\t\t\t\t\t\t\t\t\n<style>\n#image_401599265 {\n  width: 100%;\n}\n<\/style>\n\t<\/div>\n\t\n\t\t<\/div>\n\t\t\t\t\t<\/div>\n\n\t\n\n\t<div id=\"col-465783998\" class=\"col medium-6 small-12 large-6\"  >\n\t\t\t\t<div class=\"col-inner\"  >\n\t\t\t\n\t\t\t\n\t<div id=\"text-3358739758\" class=\"text\">\n\t\t\n<h3>Der kleine B\u00e4r Feuerlino mit seinem Feuerwehrauto<\/h3>\n<p>Die Figur des Feuerlino entwickelte sich wegen seines fortw\u00e4hrenden Wunsches, Feuerwehrmann zu sein, als Feuerwehrb\u00e4r mit seinem L\u00f6schfahrzeug insbesondere bei Kindern in Kinderg\u00e4rten, Grundschulen und in Kindergruppen von Jugendfeuerwehren zum Maskottchen und ziert neben verschieden Arbeitsmitteln wie die Kindernotrufkarte auch Accessoires und Kleidung.\n<\/p>\n<h3>Gefahrenteufel vorbeugen und ausbremsen \u2013 Hilfestellung, Pr\u00e4vention und Aufkl\u00e4rung der Erwachsenen<\/h3>\n<p>Nur wer die Gefahren kennt, kann sein Kind sch\u00fctzen. Viele Erkrankungen und Unf\u00e4lle k\u00f6nnen aktiv entgegengewirkt werden. \u201eVorsorgen ist besser denn Heilen\u201c \u2013 mit Pr\u00e4vention auf wichtige Themen des Alltags eingehen, Erwachsenen Hilfsmittel an die Hand geben und \u201eVermitteln\u201c, um Gefahrenteufel auszubremsen.<\/p>\n\t\t\n<style>\n#text-3358739758 {\n  font-size: 0.9rem;\n  text-align: left;\n}\n<\/style>\n\t<\/div>\n\t\n\t\t<\/div>\n\t\t\t\t\t<\/div>\n\n\t\n<\/div>\n\n\t<section class=\"section\" id=\"section_2063580955\">\n\t\t<div class=\"section-bg fill\" >\n\t\t\t\t\t\t\t\t\t\n\t\t\t\n\n\t\t<\/div>\n\n\t\t\n\n\t\t<div class=\"section-content relative\">\n\t\t\t\n<div class=\"row\"  id=\"row-862152498\">\n\n\t<div id=\"col-256343887\" class=\"col small-12 large-12\"  >\n\t\t\t\t<div class=\"col-inner\"  >\n\t\t\t\n\t\t\t\n\t<div id=\"text-3602428293\" class=\"text\">\n\t\t\n<h3>Weitere Infos zu Feuerlino auf <a href=\"https:\/\/www.feuerlino.de\" target=\"_blank\" rel=\"noopener\">www.feuerlino.de \u2192<\/a><\/h3>\n\t\t\n<style>\n#text-3602428293 {\n  text-align: center;\n  color: rgb(194, 36, 45);\n}\n#text-3602428293 > * {\n  color: rgb(194, 36, 45);\n}\n<\/style>\n\t<\/div>\n\t\n\t\t<\/div>\n\t\t\t\t\t<\/div>\n\n\t\n<\/div>\n\t\t<\/div>\n\n\t\t\n<style>\n#section_2063580955 {\n  padding-top: 30px;\n  padding-bottom: 30px;\n}\n<\/style>\n\t<\/section>\n\t\n","protected":false},"excerpt":{"rendered":"","protected":false},"author":1,"featured_media":15,"parent":0,"menu_order":0,"comment_status":"closed","ping_status":"closed","template":"page-blank.php","meta":{"footnotes":"","_links_to":"","_links_to_target":""},"class_list":["post-89","page","type-page","status-publish","has-post-thumbnail","hentry"],"_links":{"self":[{"href":"https:\/\/feuerlino.de\/shop\/wp-json\/wp\/v2\/pages\/89","targetHints":{"allow":["GET"]}}],"collection":[{"href":"https:\/\/feuerlino.de\/shop\/wp-json\/wp\/v2\/pages"}],"about":[{"href":"https:\/\/feuerlino.de\/shop\/wp-json\/wp\/v2\/types\/page"}],"author":[{"embeddable":true,"href":"https:\/\/feuerlino.de\/shop\/wp-json\/wp\/v2\/users\/1"}],"replies":[{"embeddable":true,"href":"https:\/\/feuerlino.de\/shop\/wp-json\/wp\/v2\/comments?post=89"}],"version-history":[{"count":5,"href":"https:\/\/feuerlino.de\/shop\/wp-json\/wp\/v2\/pages\/89\/revisions"}],"predecessor-version":[{"id":1507,"href":"https:\/\/feuerlino.de\/shop\/wp-json\/wp\/v2\/pages\/89\/revisions\/1507"}],"wp:featuredmedia":[{"embeddable":true,"href":"https:\/\/feuerlino.de\/shop\/wp-json\/wp\/v2\/media\/15"}],"wp:attachment":[{"href":"https:\/\/feuerlino.de\/shop\/wp-json\/wp\/v2\/media?parent=89"}],"curies":[{"name":"wp","href":"https:\/\/api.w.org\/{rel}","templated":true}]}}